{"id":747,"date":"2017-07-12T14:33:10","date_gmt":"2017-07-12T14:33:10","guid":{"rendered":"http:\/\/limitless-experiences.com\/News\/?page_id=747"},"modified":"2017-09-07T15:39:38","modified_gmt":"2017-09-07T15:39:38","slug":"mariage-sur-mesure-a-marrakech","status":"publish","type":"page","link":"https:\/\/limitless-experiences.com\/News\/mariage-sur-mesure-a-marrakech\/","title":{"rendered":"Mariage sur-mesure \u00e0 Marrakech"},"content":{"rendered":"<p>Parce qu&rsquo;il est important de savoir profiter des moments qui vous sont chers, l&rsquo;\u00e9quipe <strong><a href=\"http:\/\/limitless-experiences.com\/fr\/\" target=\"_blank\" rel=\"noopener\">Limitless Experiences<\/a><\/strong>, sp\u00e9cialis\u00e9e dans l&rsquo;organisation de <strong>mariage haut de gamme \u00e0 Marrakech<\/strong>, se charge de planifier dans les moindres d\u00e9tails le plus beau jour de votre vie.<\/p>\n<p>Vous voulez un mariage oriental chic dans un d\u00e9cor raffin\u00e9 \u00a0? Vous \u00eates \u00a0tomb\u00e9 sous le charme des d\u00e9cors naturels de la ville ocre et souhaitez \u00e9changer vos v\u0153ux sous un ciel \u00e9toil\u00e9 ? Quelques soient vos exigences, votre agence \u00e9v\u00e9nementielle de luxe se charge de votre mariage de A \u00e0 Z et saura vous guider \u00e0 travers des sc\u00e9narii sur-mesure.<\/p>\n<p>En effet, fort de notre exp\u00e9rience dans le domaine du mariage haut de gamme, nous mettons un point d&rsquo;honneur \u00e0 proposer des id\u00e9es tant traditionnelles que novatrices pour pouvoir satisfaire les attentes de chacun.<\/p>\n<h5 style=\"text-align: center;\"><strong>Pourquoi se marier \u00e0 Marrakech ?<\/strong><\/h5>\n<p>A seulement 3h des principales capitales europ\u00e9ennes, Marrakech est LA destination phare des mariages. Pourquoi ? Avec un climat agr\u00e9able tout au long de l&rsquo;ann\u00e9e ainsi que des lieux \u00e0 couper le souffle, la ville ocre b\u00e9n\u00e9ficie de nombreux atouts qui permettent de vivre une exp\u00e9rience unique, aussi bien pour les mari\u00e9s que pour les proches.<\/p>\n<p>Et parce que nous savons \u00e0 quel point ce jour est si sp\u00e9cial, nous nous chargeons de tous les d\u00e9tails avant, pendant et apr\u00e8s votre mariage :<\/p>\n<ul>\n<li><strong>transfert a\u00e9roport vers votre lieu de destination<\/strong><\/li>\n<li><strong>cr\u00e9ation et r\u00e9p\u00e9tition du d\u00e9roul\u00e9 de la soir\u00e9e<\/strong><\/li>\n<li><strong>r\u00e9servation moment bien-\u00eatre et d\u00e9tente avant le jour-J<\/strong><\/li>\n<li><strong>service voiturier \u00e0 disposition<\/strong><\/li>\n<li><strong>personnal shopper \u00e0 disposition<\/strong><\/li>\n<li><strong>location de tenues traditionnelles marocaines pour les proches de la mari\u00e9e<\/strong><\/li>\n<li><strong>organisation de votre lune de miel<\/strong><\/li>\n<li><strong>organisation d&rsquo;activit\u00e9s et d&rsquo;excursions pour les invit\u00e9s<\/strong><\/li>\n<li><strong>photographe \/ vid\u00e9aste<\/strong><\/li>\n<\/ul>\n<p>&#8230;<\/p>\n<p>Il ne vous reste plus qu&rsquo;\u00e0 vous laisser guider et de profiter pleinement de votre moment&#8230; Limitless Experiences se charge du reste.<\/p>\n<div id='gallery-1' class='gallery galleryid-747 gallery-columns-6 gallery-size-thumbnail'><figure class='gallery-item'>\n\t\t\t<div class='gallery-icon landscape'>\n\t\t\t\t<a href='https:\/\/limitless-experiences.com\/News\/wp-content\/uploads\/2017\/07\/mariage-marrakech-e1504798652575.jpg'><img loading=\"lazy\" decoding=\"async\" width=\"150\" height=\"150\" src=\"https:\/\/limitless-experiences.com\/News\/wp-content\/uploads\/2017\/07\/mariage-marrakech-150x150.jpg\" class=\"attachment-thumbnail size-thumbnail\" alt=\"\" \/><\/a>\n\t\t\t<\/div><\/figure><figure class='gallery-item'>\n\t\t\t<div class='gallery-icon landscape'>\n\t\t\t\t<a href='https:\/\/limitless-experiences.com\/News\/wp-content\/uploads\/2017\/07\/wedding-e1504798471751.jpg'><img loading=\"lazy\" decoding=\"async\" width=\"150\" height=\"150\" src=\"https:\/\/limitless-experiences.com\/News\/wp-content\/uploads\/2017\/07\/wedding-150x150.jpg\" class=\"attachment-thumbnail size-thumbnail\" alt=\"\" \/><\/a>\n\t\t\t<\/div><\/figure><figure class='gallery-item'>\n\t\t\t<div class='gallery-icon landscape'>\n\t\t\t\t<a href='https:\/\/limitless-experiences.com\/News\/wp-content\/uploads\/2017\/07\/mariage-marrakech-limitless-experiences-e1504798517310.png'><img loading=\"lazy\" decoding=\"async\" width=\"150\" height=\"150\" src=\"https:\/\/limitless-experiences.com\/News\/wp-content\/uploads\/2017\/07\/mariage-marrakech-limitless-experiences-150x150.png\" class=\"attachment-thumbnail size-thumbnail\" alt=\"\" \/><\/a>\n\t\t\t<\/div><\/figure><figure class='gallery-item'>\n\t\t\t<div class='gallery-icon landscape'>\n\t\t\t\t<a href='https:\/\/limitless-experiences.com\/News\/wp-content\/uploads\/2017\/07\/mariage-e1504798484701.jpg'><img loading=\"lazy\" decoding=\"async\" width=\"150\" height=\"150\" src=\"https:\/\/limitless-experiences.com\/News\/wp-content\/uploads\/2017\/07\/mariage-150x150.jpg\" class=\"attachment-thumbnail size-thumbnail\" alt=\"\" \/><\/a>\n\t\t\t<\/div><\/figure><figure class='gallery-item'>\n\t\t\t<div class='gallery-icon landscape'>\n\t\t\t\t<a href='https:\/\/limitless-experiences.com\/News\/wp-content\/uploads\/2017\/07\/wedding-morocco-e1504798505759.png'><img loading=\"lazy\" decoding=\"async\" width=\"150\" height=\"150\" src=\"https:\/\/limitless-experiences.com\/News\/wp-content\/uploads\/2017\/07\/wedding-morocco-150x150.png\" class=\"attachment-thumbnail size-thumbnail\" alt=\"\" \/><\/a>\n\t\t\t<\/div><\/figure><figure class='gallery-item'>\n\t\t\t<div class='gallery-icon landscape'>\n\t\t\t\t<a href='https:\/\/limitless-experiences.com\/News\/wp-content\/uploads\/2017\/07\/IMG_0973_1-e1504798537759.jpg'><img loading=\"lazy\" decoding=\"async\" width=\"150\" height=\"150\" src=\"https:\/\/limitless-experiences.com\/News\/wp-content\/uploads\/2017\/07\/IMG_0973_1-150x150.jpg\" class=\"attachment-thumbnail size-thumbnail\" alt=\"\" \/><\/a>\n\t\t\t<\/div><\/figure>\n\t\t<\/div>\n\n<p>&nbsp;<\/p>\n","protected":false},"excerpt":{"rendered":"<p>Parce qu&rsquo;il est important de savoir profiter des moments qui vous sont chers, l&rsquo;\u00e9quipe Limitless Experiences, sp\u00e9cialis\u00e9e dans l&rsquo;organisation de mariage haut de gamme \u00e0 Marrakech, se charge de planifier dans les moindres d\u00e9tails le plus beau jour de votre vie. Vous voulez un mariage oriental chic dans un d\u00e9cor &hellip;<\/p>\n","protected":false},"author":1,"featured_media":763,"parent":0,"menu_order":0,"comment_status":"closed","ping_status":"closed","template":"","meta":{"footnotes":""},"class_list":["post-747","page","type-page","status-publish","has-post-thumbnail","hentry"],"_links":{"self":[{"href":"https:\/\/limitless-experiences.com\/News\/wp-json\/wp\/v2\/pages\/747","targetHints":{"allow":["GET"]}}],"collection":[{"href":"https:\/\/limitless-experiences.com\/News\/wp-json\/wp\/v2\/pages"}],"about":[{"href":"https:\/\/limitless-experiences.com\/News\/wp-json\/wp\/v2\/types\/page"}],"author":[{"embeddable":true,"href":"https:\/\/limitless-experiences.com\/News\/wp-json\/wp\/v2\/users\/1"}],"replies":[{"embeddable":true,"href":"https:\/\/limitless-experiences.com\/News\/wp-json\/wp\/v2\/comments?post=747"}],"version-history":[{"count":9,"href":"https:\/\/limitless-experiences.com\/News\/wp-json\/wp\/v2\/pages\/747\/revisions"}],"predecessor-version":[{"id":785,"href":"https:\/\/limitless-experiences.com\/News\/wp-json\/wp\/v2\/pages\/747\/revisions\/785"}],"wp:featuredmedia":[{"embeddable":true,"href":"https:\/\/limitless-experiences.com\/News\/wp-json\/wp\/v2\/media\/763"}],"wp:attachment":[{"href":"https:\/\/limitless-experiences.com\/News\/wp-json\/wp\/v2\/media?parent=747"}],"curies":[{"name":"wp","href":"https:\/\/api.w.org\/{rel}","templated":true}]}}