{"id":615,"date":"2017-06-19T15:01:04","date_gmt":"2017-06-19T15:01:04","guid":{"rendered":"http:\/\/limitless-experiences.com\/News\/?page_id=615"},"modified":"2018-05-08T13:47:59","modified_gmt":"2018-05-08T13:47:59","slug":"votre-soiree-de-gala-au-maroc","status":"publish","type":"page","link":"https:\/\/limitless-experiences.com\/News\/votre-soiree-de-gala-au-maroc\/","title":{"rendered":"Organisation de Soir\u00e9e de Gala au Maroc"},"content":{"rendered":"<p>Riche de notre exp\u00e9rience dans le domaine de l&rsquo;<strong><a href=\"https:\/\/limitless-experiences.com\/News\/la-soiree-de-gala-du-rallye-aicha-des-gazelles-2018\/\" target=\"_blank\" rel=\"noopener\">organisation de soir\u00e9e de gala dans tout le Maroc<\/a><\/strong>, toute l&rsquo;\u00e9quipe de <strong>Limitless Experiences<\/strong> est pr\u00e9sente pour faire de votre \u00e9v\u00e9nement une soir\u00e9e absolument m\u00e9morable.<\/p>\n<p>Pour ce faire, nous mettons \u00e0 votre servie tout notre savoir-faire ainsi que notre exp\u00e9rience afin de vous proposer de <strong>nombreuses id\u00e9es novatrices<\/strong> et r\u00e9alisables dans les d\u00e9lais impartis et dans le respect de votre budget. Nous sommes \u00e9galement capable de g\u00e9rer l&rsquo;<strong>installation d&rsquo;un chapiteau<\/strong> si besoin, ainsi que <strong>toutes les installations techniques<\/strong> (lumi\u00e8res, son&#8230;), <strong>la d\u00e9coration<\/strong> et <strong>le service traiteur<\/strong>.<\/p>\n<p>Gr\u00e2ce \u00e0 une organisation quasi-militaire, nous sommes en mesure de proposer des d\u00eener assis pour <strong>2.000 convives<\/strong> tout en g\u00e9rant les diff\u00e9rents postes de la soir\u00e9e (live band, danseurs, spectacle de magie, diffusion de vid\u00e9os&#8230;).<\/p>\n<p>Notre exp\u00e9rience dans le domaine nous vaut d&rsquo;\u00eatre sollicit\u00e9 chaque ann\u00e9e afin d&rsquo;organiser des <strong>d\u00eeners de gala<\/strong> de renomm\u00e9e internationale ainsi que des soir\u00e9es de jours de l&rsquo;an pour des h\u00f4tels de prestiges \u00e0 Marrakech.<\/p>\n<div id='gallery-1' class='gallery galleryid-615 gallery-columns-6 gallery-size-thumbnail'><figure class='gallery-item'>\n\t\t\t<div class='gallery-icon landscape'>\n\t\t\t\t<a href='https:\/\/limitless-experiences.com\/News\/wp-content\/uploads\/2017\/06\/C28A2060-e1498040972494.jpg'><img loading=\"lazy\" decoding=\"async\" width=\"150\" height=\"150\" src=\"https:\/\/limitless-experiences.com\/News\/wp-content\/uploads\/2017\/06\/C28A2060-150x150.jpg\" class=\"attachment-thumbnail size-thumbnail\" alt=\"\" srcset=\"https:\/\/limitless-experiences.com\/News\/wp-content\/uploads\/2017\/06\/C28A2060-150x150.jpg 150w, https:\/\/limitless-experiences.com\/News\/wp-content\/uploads\/2017\/06\/C28A2060-1440x1440.jpg 1440w\" sizes=\"auto, (max-width: 150px) 100vw, 150px\" \/><\/a>\n\t\t\t<\/div><\/figure><figure class='gallery-item'>\n\t\t\t<div class='gallery-icon landscape'>\n\t\t\t\t<a href='https:\/\/limitless-experiences.com\/News\/wp-content\/uploads\/2017\/06\/IMG-20160404-WA0011-e1498040993546.jpg'><img loading=\"lazy\" decoding=\"async\" width=\"150\" height=\"150\" src=\"https:\/\/limitless-experiences.com\/News\/wp-content\/uploads\/2017\/06\/IMG-20160404-WA0011-150x150.jpg\" class=\"attachment-thumbnail size-thumbnail\" alt=\"\" \/><\/a>\n\t\t\t<\/div><\/figure><figure class='gallery-item'>\n\t\t\t<div class='gallery-icon landscape'>\n\t\t\t\t<a href='https:\/\/limitless-experiences.com\/News\/wp-content\/uploads\/2017\/06\/LIMITLESS-EXPERINECES-149-e1498041151795.jpg'><img loading=\"lazy\" decoding=\"async\" width=\"150\" height=\"150\" src=\"https:\/\/limitless-experiences.com\/News\/wp-content\/uploads\/2017\/06\/LIMITLESS-EXPERINECES-149-150x150.jpg\" class=\"attachment-thumbnail size-thumbnail\" alt=\"\" \/><\/a>\n\t\t\t<\/div><\/figure><figure class='gallery-item'>\n\t\t\t<div class='gallery-icon landscape'>\n\t\t\t\t<a href='https:\/\/limitless-experiences.com\/News\/wp-content\/uploads\/2017\/06\/DSC_9456-e1498041021244.jpg'><img loading=\"lazy\" decoding=\"async\" width=\"150\" height=\"150\" src=\"https:\/\/limitless-experiences.com\/News\/wp-content\/uploads\/2017\/06\/DSC_9456-150x150.jpg\" class=\"attachment-thumbnail size-thumbnail\" alt=\"\" srcset=\"https:\/\/limitless-experiences.com\/News\/wp-content\/uploads\/2017\/06\/DSC_9456-150x150.jpg 150w, https:\/\/limitless-experiences.com\/News\/wp-content\/uploads\/2017\/06\/DSC_9456-1440x1440.jpg 1440w\" sizes=\"auto, (max-width: 150px) 100vw, 150px\" \/><\/a>\n\t\t\t<\/div><\/figure><figure class='gallery-item'>\n\t\t\t<div class='gallery-icon landscape'>\n\t\t\t\t<a href='https:\/\/limitless-experiences.com\/News\/wp-content\/uploads\/2017\/06\/LIMITLESS-EXPERINECES-546-e1498041045797.jpg'><img loading=\"lazy\" decoding=\"async\" width=\"150\" height=\"150\" src=\"https:\/\/limitless-experiences.com\/News\/wp-content\/uploads\/2017\/06\/LIMITLESS-EXPERINECES-546-150x150.jpg\" class=\"attachment-thumbnail size-thumbnail\" alt=\"\" srcset=\"https:\/\/limitless-experiences.com\/News\/wp-content\/uploads\/2017\/06\/LIMITLESS-EXPERINECES-546-150x150.jpg 150w, https:\/\/limitless-experiences.com\/News\/wp-content\/uploads\/2017\/06\/LIMITLESS-EXPERINECES-546-1440x1440.jpg 1440w\" sizes=\"auto, (max-width: 150px) 100vw, 150px\" \/><\/a>\n\t\t\t<\/div><\/figure><figure class='gallery-item'>\n\t\t\t<div class='gallery-icon landscape'>\n\t\t\t\t<a href='https:\/\/limitless-experiences.com\/News\/wp-content\/uploads\/2017\/06\/FW4A0113-e1498041189730.jpg'><img loading=\"lazy\" decoding=\"async\" width=\"150\" height=\"150\" src=\"https:\/\/limitless-experiences.com\/News\/wp-content\/uploads\/2017\/06\/FW4A0113-150x150.jpg\" class=\"attachment-thumbnail size-thumbnail\" alt=\"\" srcset=\"https:\/\/limitless-experiences.com\/News\/wp-content\/uploads\/2017\/06\/FW4A0113-150x150.jpg 150w, https:\/\/limitless-experiences.com\/News\/wp-content\/uploads\/2017\/06\/FW4A0113-1440x1440.jpg 1440w\" sizes=\"auto, (max-width: 150px) 100vw, 150px\" \/><\/a>\n\t\t\t<\/div><\/figure>\n\t\t<\/div>\n\n<p>D\u00e9couvrez nos soir\u00e9es de Gala en vid\u00e9os :<\/p>\n<ul>\n<li><strong>Soir\u00e9e de Gala Rallye Aicha des Gazelles 2015 : <a href=\"https:\/\/vimeo.com\/140637394\" target=\"_blank\" rel=\"noopener\">cliquez ici\u00a0<\/a><\/strong><\/li>\n<li><strong>S\u00e9minaire Marrakech th\u00e8me ann\u00e9es 20 : <a href=\"https:\/\/vimeo.com\/136593886\" target=\"_blank\" rel=\"noopener\">cliquez ici<\/a><\/strong><\/li>\n<\/ul>\n<p>Si vous d\u00e9sirez que l\u2019\u00e9quipe Limitless Experiences vous accompagne dans l\u2019organisation de votre s\u00e9minaire team building, n\u2019h\u00e9sitez pas \u00e0\u00a0<a href=\"http:\/\/limitless-experiences.com\/fr\/index.php?p=contact\" target=\"_blank\" rel=\"noopener\"><u>nous contacter<\/u><\/a>.<\/p>\n<p>&nbsp;<\/p>\n","protected":false},"excerpt":{"rendered":"<p>Riche de notre exp\u00e9rience dans le domaine de l&rsquo;organisation de soir\u00e9e de gala dans tout le Maroc, toute l&rsquo;\u00e9quipe de Limitless Experiences est pr\u00e9sente pour faire de votre \u00e9v\u00e9nement une soir\u00e9e absolument m\u00e9morable. Pour ce faire, nous mettons \u00e0 votre servie tout notre savoir-faire ainsi que notre exp\u00e9rience afin de &hellip;<\/p>\n","protected":false},"author":1,"featured_media":857,"parent":0,"menu_order":0,"comment_status":"closed","ping_status":"closed","template":"","meta":{"footnotes":""},"class_list":["post-615","page","type-page","status-publish","has-post-thumbnail","hentry"],"_links":{"self":[{"href":"https:\/\/limitless-experiences.com\/News\/wp-json\/wp\/v2\/pages\/615","targetHints":{"allow":["GET"]}}],"collection":[{"href":"https:\/\/limitless-experiences.com\/News\/wp-json\/wp\/v2\/pages"}],"about":[{"href":"https:\/\/limitless-experiences.com\/News\/wp-json\/wp\/v2\/types\/page"}],"author":[{"embeddable":true,"href":"https:\/\/limitless-experiences.com\/News\/wp-json\/wp\/v2\/users\/1"}],"replies":[{"embeddable":true,"href":"https:\/\/limitless-experiences.com\/News\/wp-json\/wp\/v2\/comments?post=615"}],"version-history":[{"count":7,"href":"https:\/\/limitless-experiences.com\/News\/wp-json\/wp\/v2\/pages\/615\/revisions"}],"predecessor-version":[{"id":1132,"href":"https:\/\/limitless-experiences.com\/News\/wp-json\/wp\/v2\/pages\/615\/revisions\/1132"}],"wp:featuredmedia":[{"embeddable":true,"href":"https:\/\/limitless-experiences.com\/News\/wp-json\/wp\/v2\/media\/857"}],"wp:attachment":[{"href":"https:\/\/limitless-experiences.com\/News\/wp-json\/wp\/v2\/media?parent=615"}],"curies":[{"name":"wp","href":"https:\/\/api.w.org\/{rel}","templated":true}]}}