{"id":556,"date":"2017-06-19T12:34:07","date_gmt":"2017-06-19T12:34:07","guid":{"rendered":"http:\/\/limitless-experiences.com\/News\/?page_id=556"},"modified":"2018-05-08T13:36:10","modified_gmt":"2018-05-08T13:36:10","slug":"location-de-villas-dexception-a-marrakech","status":"publish","type":"page","link":"https:\/\/limitless-experiences.com\/News\/location-de-villas-dexception-a-marrakech\/","title":{"rendered":"Location de villas d&rsquo;exception \u00e0 Marrakech"},"content":{"rendered":"<p>Vous recherchez LA villa de vos r\u00eaves pour renouveler vos v\u0153ux de mariage ? Si les offres immobili\u00e8res ne manquent pas dans la ville ocre, Limitless Experiences vous propose une s\u00e9lection des plus belles <strong><a href=\"http:\/\/limitless-experiences.com\/fr\/index.php?p=exclusive-properties\" target=\"_blank\" rel=\"noopener\">villas de luxe de Marrakech<\/a><\/strong><\/p>\n<p>Id\u00e9ales pour un s\u00e9jour sous le signe de l\u2019intimit\u00e9 et du sur-mesure, nos demeures d&rsquo;exceptions ont la capacit\u00e9 de s&rsquo;adapter aussi bien pour les petits groupes, que pour l&rsquo;accueil et la r\u00e9ception d&rsquo;\u00e9v\u00e9nements. De plus si vous le souhaitez, nous nous occupons enti\u00e8rement de la d\u00e9coration du lieu ainsi que de la logistique afin de mettre en place la soir\u00e9e th\u00e9matique \u00e0 Marrakech de votre choix, le tout dans un style qui vous ressemble&#8230;<\/p>\n<div id='gallery-1' class='gallery galleryid-556 gallery-columns-6 gallery-size-thumbnail'><figure class='gallery-item'>\n\t\t\t<div class='gallery-icon landscape'>\n\t\t\t\t<a href='https:\/\/limitless-experiences.com\/News\/wp-content\/uploads\/2017\/06\/Exclusive-venue_117760-e1498042397329.jpg'><img loading=\"lazy\" decoding=\"async\" width=\"150\" height=\"150\" src=\"https:\/\/limitless-experiences.com\/News\/wp-content\/uploads\/2017\/06\/Exclusive-venue_117760-150x150.jpg\" class=\"attachment-thumbnail size-thumbnail\" alt=\"\" \/><\/a>\n\t\t\t<\/div><\/figure><figure class='gallery-item'>\n\t\t\t<div class='gallery-icon landscape'>\n\t\t\t\t<a href='https:\/\/limitless-experiences.com\/News\/wp-content\/uploads\/2017\/06\/Luxury-villa-Marrakech_123395-e1498042371752.jpg'><img loading=\"lazy\" decoding=\"async\" width=\"150\" height=\"150\" src=\"https:\/\/limitless-experiences.com\/News\/wp-content\/uploads\/2017\/06\/Luxury-villa-Marrakech_123395-150x150.jpg\" class=\"attachment-thumbnail size-thumbnail\" alt=\"\" \/><\/a>\n\t\t\t<\/div><\/figure><figure class='gallery-item'>\n\t\t\t<div class='gallery-icon landscape'>\n\t\t\t\t<a href='https:\/\/limitless-experiences.com\/News\/wp-content\/uploads\/2017\/06\/Maison-d-exception-1_104312-e1498042429236.jpg'><img loading=\"lazy\" decoding=\"async\" width=\"150\" height=\"150\" src=\"https:\/\/limitless-experiences.com\/News\/wp-content\/uploads\/2017\/06\/Maison-d-exception-1_104312-150x150.jpg\" class=\"attachment-thumbnail size-thumbnail\" alt=\"\" \/><\/a>\n\t\t\t<\/div><\/figure><figure class='gallery-item'>\n\t\t\t<div class='gallery-icon landscape'>\n\t\t\t\t<a href='https:\/\/limitless-experiences.com\/News\/wp-content\/uploads\/2017\/06\/Maisons-de-reve_109538-e1498042455174.jpg'><img loading=\"lazy\" decoding=\"async\" width=\"150\" height=\"150\" src=\"https:\/\/limitless-experiences.com\/News\/wp-content\/uploads\/2017\/06\/Maisons-de-reve_109538-150x150.jpg\" class=\"attachment-thumbnail size-thumbnail\" alt=\"\" \/><\/a>\n\t\t\t<\/div><\/figure><figure class='gallery-item'>\n\t\t\t<div class='gallery-icon landscape'>\n\t\t\t\t<a href='https:\/\/limitless-experiences.com\/News\/wp-content\/uploads\/2017\/06\/Propriete-privee_111330-e1498042476822.jpg'><img loading=\"lazy\" decoding=\"async\" width=\"150\" height=\"150\" src=\"https:\/\/limitless-experiences.com\/News\/wp-content\/uploads\/2017\/06\/Propriete-privee_111330-150x150.jpg\" class=\"attachment-thumbnail size-thumbnail\" alt=\"\" \/><\/a>\n\t\t\t<\/div><\/figure><figure class='gallery-item'>\n\t\t\t<div class='gallery-icon landscape'>\n\t\t\t\t<a href='https:\/\/limitless-experiences.com\/News\/wp-content\/uploads\/2017\/06\/Secret-garden_116456-e1498042504192.jpg'><img loading=\"lazy\" decoding=\"async\" width=\"150\" height=\"150\" src=\"https:\/\/limitless-experiences.com\/News\/wp-content\/uploads\/2017\/06\/Secret-garden_116456-150x150.jpg\" class=\"attachment-thumbnail size-thumbnail\" alt=\"\" \/><\/a>\n\t\t\t<\/div><\/figure>\n\t\t<\/div>\n\n","protected":false},"excerpt":{"rendered":"<p>Vous recherchez LA villa de vos r\u00eaves pour renouveler vos v\u0153ux de mariage ? Si les offres immobili\u00e8res ne manquent pas dans la ville ocre, Limitless Experiences vous propose une s\u00e9lection des plus belles villas de luxe de Marrakech Id\u00e9ales pour un s\u00e9jour sous le signe de l\u2019intimit\u00e9 et du &hellip;<\/p>\n","protected":false},"author":1,"featured_media":558,"parent":0,"menu_order":0,"comment_status":"closed","ping_status":"closed","template":"","meta":{"footnotes":""},"class_list":["post-556","page","type-page","status-publish","has-post-thumbnail","hentry"],"_links":{"self":[{"href":"https:\/\/limitless-experiences.com\/News\/wp-json\/wp\/v2\/pages\/556","targetHints":{"allow":["GET"]}}],"collection":[{"href":"https:\/\/limitless-experiences.com\/News\/wp-json\/wp\/v2\/pages"}],"about":[{"href":"https:\/\/limitless-experiences.com\/News\/wp-json\/wp\/v2\/types\/page"}],"author":[{"embeddable":true,"href":"https:\/\/limitless-experiences.com\/News\/wp-json\/wp\/v2\/users\/1"}],"replies":[{"embeddable":true,"href":"https:\/\/limitless-experiences.com\/News\/wp-json\/wp\/v2\/comments?post=556"}],"version-history":[{"count":7,"href":"https:\/\/limitless-experiences.com\/News\/wp-json\/wp\/v2\/pages\/556\/revisions"}],"predecessor-version":[{"id":724,"href":"https:\/\/limitless-experiences.com\/News\/wp-json\/wp\/v2\/pages\/556\/revisions\/724"}],"wp:featuredmedia":[{"embeddable":true,"href":"https:\/\/limitless-experiences.com\/News\/wp-json\/wp\/v2\/media\/558"}],"wp:attachment":[{"href":"https:\/\/limitless-experiences.com\/News\/wp-json\/wp\/v2\/media?parent=556"}],"curies":[{"name":"wp","href":"https:\/\/api.w.org\/{rel}","templated":true}]}}