{"id":469,"date":"2017-06-16T15:40:41","date_gmt":"2017-06-16T15:40:41","guid":{"rendered":"http:\/\/limitless-experiences.com\/News\/?page_id=469"},"modified":"2018-05-07T15:35:42","modified_gmt":"2018-05-07T15:35:42","slug":"evenements-sportifs","status":"publish","type":"page","link":"https:\/\/limitless-experiences.com\/News\/evenements-sportifs\/","title":{"rendered":"Organisation \u00e9v\u00e9nements sportifs au Maroc : football, quadrathlon, match de polo, golf."},"content":{"rendered":"<p>Avec de nombreuses infrastructures aux normes internationales, le Maroc fait partie des meilleures destinations de s\u00e9jour sportifs : S\u00e9ances d\u2019entra\u00eenement pour \u00e9quipes de football internationales, S\u00e9jours golfiques, Initiations &amp; Matchs de Polo, Exp\u00e9ditions version Quadriathlon\u2026<\/p>\n<p>Si vous \u00eates un adepte du golf, du foot ou du polo, Limitless Experiences se charge de vous organiser une session sport dans les meilleures infrastructures de Marrakech et au Maroc, afin que vous puissiez vous adonner pleinement \u00e0 vos loisirs favoris.<\/p>\n<p><strong>Initiation au match de polo \u00e0 Marrakech<\/strong><br \/>\nVenez d\u00e9couvrir ou perfectionner votre niveau dans l\u2019un des plus beaux terrains de polo du Maroc avec Limitless Experience, sp\u00e9cialiste des \u00e9v\u00e9nements sportifs au Maroc. Profitez d\u2019un accueil 5 \u00e9toiles dans un club d\u2019exception pour d\u00e9couvrir ou red\u00e9couvrir les r\u00e8gles de base dans des conditions ad\u00e9quates.<\/p>\n<p><strong>S\u00e9jours golfiques<\/strong><br \/>\nAmateur de golf, le Maroc est la destination phare des s\u00e9jours golfiques. En effet, avec pas moins de 40 parcours, le Maroc peut ainsi rivaliser avec d\u2019autres destinations comme le Portugal, le sud de l\u2019Espagne ainsi que la r\u00e9gion d\u2019Antalya.<br \/>\nLimitless Experiences vous conseille et \u00e9tablie pour vous un programme sur-mesure parmi les meilleurs golfs du pays, notamment \u00e0 Marrakech, Agadir, Essaouira et Casablanca. Optez pour un cadre d\u00e9paysant et surtout pour une grande vari\u00e9t\u00e9 autour des parcours de golf au Maroc : profitez des links classiques au bord de la mer en passant par les parklands ou encore les seaside course avec leurs points de vue uniques\u2026 nous nous occupons du reste !<\/p>\n<p><strong>S\u00e9ances d\u2019entra\u00eenement pour \u00e9quipes de football internationales \u00e0 Marrakech<\/strong><br \/>\nForte de son exp\u00e9rience dans le domaine, toute l\u2019\u00e9quipe Limitless Experiences s\u2019impliquera avec professionnalisme dans le programme exigeant autour des s\u00e9ances entra\u00eenements de football. De plus, avec de stades de foot de qualit\u00e9 ayant d\u00e9j\u00e0 accueillit des \u00e9quipes de renoms, le Maroc offre des infrastructures ad\u00e9quates aux \u00e9quipes internationales pour<\/p>\n","protected":false},"excerpt":{"rendered":"<p>Avec de nombreuses infrastructures aux normes internationales, le Maroc fait partie des meilleures destinations de s\u00e9jour sportifs : S\u00e9ances d\u2019entra\u00eenement pour \u00e9quipes de football internationales, S\u00e9jours golfiques, Initiations &amp; Matchs de Polo, Exp\u00e9ditions version Quadriathlon\u2026 Si vous \u00eates un adepte du golf, du foot ou du polo, Limitless Experiences se &hellip;<\/p>\n","protected":false},"author":1,"featured_media":470,"parent":0,"menu_order":0,"comment_status":"closed","ping_status":"closed","template":"","meta":{"footnotes":""},"class_list":["post-469","page","type-page","status-publish","has-post-thumbnail","hentry"],"_links":{"self":[{"href":"https:\/\/limitless-experiences.com\/News\/wp-json\/wp\/v2\/pages\/469","targetHints":{"allow":["GET"]}}],"collection":[{"href":"https:\/\/limitless-experiences.com\/News\/wp-json\/wp\/v2\/pages"}],"about":[{"href":"https:\/\/limitless-experiences.com\/News\/wp-json\/wp\/v2\/types\/page"}],"author":[{"embeddable":true,"href":"https:\/\/limitless-experiences.com\/News\/wp-json\/wp\/v2\/users\/1"}],"replies":[{"embeddable":true,"href":"https:\/\/limitless-experiences.com\/News\/wp-json\/wp\/v2\/comments?post=469"}],"version-history":[{"count":4,"href":"https:\/\/limitless-experiences.com\/News\/wp-json\/wp\/v2\/pages\/469\/revisions"}],"predecessor-version":[{"id":1089,"href":"https:\/\/limitless-experiences.com\/News\/wp-json\/wp\/v2\/pages\/469\/revisions\/1089"}],"wp:featuredmedia":[{"embeddable":true,"href":"https:\/\/limitless-experiences.com\/News\/wp-json\/wp\/v2\/media\/470"}],"wp:attachment":[{"href":"https:\/\/limitless-experiences.com\/News\/wp-json\/wp\/v2\/media?parent=469"}],"curies":[{"name":"wp","href":"https:\/\/api.w.org\/{rel}","templated":true}]}}