{"id":462,"date":"2017-06-16T15:29:28","date_gmt":"2017-06-16T15:29:28","guid":{"rendered":"http:\/\/limitless-experiences.com\/News\/?page_id=462"},"modified":"2018-05-08T13:51:29","modified_gmt":"2018-05-08T13:51:29","slug":"evenements-prives-a-marrakech","status":"publish","type":"page","link":"https:\/\/limitless-experiences.com\/News\/evenement-haut-de-gamme-marrakech\/evenements-prives-a-marrakech\/","title":{"rendered":"\u00c9v\u00e9nements priv\u00e9s \u00e0 Marrakech"},"content":{"rendered":"<p>Vous avez envie de <strong>c\u00e9l\u00e9brer votre mariage, anniversaire ou voyage de noce \u00e0 Marrakech<\/strong> dans un cadre magique et romantique ? Vous voulez organiser une <strong>lune de miel dans un h\u00f4tel de luxe au Maroc<\/strong> ? Vous souhaitez avoir des id\u00e9es originales pour faire <strong>votre demande en mariage \u00e0 Marrakech<\/strong>?<\/p>\n<h5><strong>Limitless Experiences : Organisation de\u00a0mariage, anniversaire, voyage de noce, EVJF et EVG \u00e0 Marrakech<\/strong><\/h5>\n<p>C\u00e9l\u00e9brez les moments pr\u00e9cieux qui rythment votre vie au c\u0153ur de la ville ocre dans des lieux d\u2019exceptions et des d\u00e9cors qui le sont tout autant : Mariage, Voyage de lune de miel, C\u00e9r\u00e9monie la\u00efque, Demande en mariage, C\u00e9l\u00e9bration familiale, Anniversaire\u2026votre <a href=\"http:\/\/limitless-experiences.com\/fr\/\" target=\"_blank\" rel=\"noopener\"><strong>agence \u00e9v\u00e9nementielle et wedding planner \u00e0 Marrakech<\/strong><\/a>, Limitless Experiences est \u00e0 votre \u00e9coute pour que le plus beau jour de votre vie soit un moment exceptionnel.<\/p>\n<p>Notre \u00e9quipe de professionnels est \u00e0 vos c\u00f4t\u00e9s pour vous assister dans les moments importants de votre vie. En effet, nous saurons vous \u00e9couter et vous proposer des scenariis finement confectionn\u00e9s ainsi qu\u2019un panel de lieux idylliques pour que votre journ\u00e9e soit \u00e0 jamais grav\u00e9 dans votre m\u00e9moire et celle de vos invit\u00e9s.<\/p>\n<p><strong>Pourquoi organiser son mariage \u00e0 Marrakech\u00a0?<\/strong><\/p>\n<p>Ce n\u2019est pas par hasard si Marrakech accueille de plus en plus de mariages chaque ann\u00e9e, et ce pour plusieurs raisons.<\/p>\n<p>Tout d\u2019abord, sa proximit\u00e9 avec les principales capitales europ\u00e9ennes qui place la ville ocre parmi les destinations les plus pris\u00e9es pour se dire OUI.<\/p>\n<p>Ensuite, l\u2019offre h\u00f4teli\u00e8re riche et vari\u00e9e qui se d\u00e9cline dans les quatre coins de la ville afin d\u2019offrir \u00e0 votre couple ainsi qu\u2019\u00e0 vos invit\u00e9s, un cadre idyllique o\u00f9 r\u00e8gne bien-\u00eatre et bonne humeur.<\/p>\n<p>Autre point non n\u00e9gligeable\u00a0: la diversit\u00e9 et la beaut\u00e9 des paysages de la ville qui, de jour comme de nuit, nous guide dans des lieux d\u2019exceptions entre d\u00e9sert, palmiers, dunes et palais luxuriants.<\/p>\n<p>Enfin, parce que votre <strong>agence organisatrice de mariage \u00e0 Marrakech<\/strong>, Limitless Experiences, saura vous concocter une c\u00e9r\u00e9monie de mariage sur-mesure, dans un d\u00e9cor majestueux pour marquer d\u2019une pierre blanche ce jour si exceptionnel.<\/p>\n<p>En effet, notre \u00e9quipe de <strong>wedding planner au Maroc<\/strong> s\u2019occupera d\u2019absolument tout\u00a0: privatisation du lieu, d\u00e9coration, service traiteur, live band et orchestre sp\u00e9cial mariage, transport en voiture de collection, camp nomade dans le d\u00e9sert\u2026et mille et une autres prestations que nous seront ravis de vous proposer<\/p>\n<figure id=\"attachment_492\" aria-describedby=\"caption-attachment-492\" style=\"width: 368px\" class=\"wp-caption alignright\"><a href=\"https:\/\/limitless-experiences.com\/News\/anniversaire-vip-a-marrakech\/\"><img loading=\"lazy\" decoding=\"async\" class=\"wp-image-492\" src=\"https:\/\/limitless-experiences.com\/News\/wp-content\/uploads\/2017\/06\/DSC07641-Copier-300x201.jpg\" alt=\"\" width=\"368\" height=\"247\" srcset=\"https:\/\/limitless-experiences.com\/News\/wp-content\/uploads\/2017\/06\/DSC07641-Copier-300x201.jpg 300w, https:\/\/limitless-experiences.com\/News\/wp-content\/uploads\/2017\/06\/DSC07641-Copier-768x515.jpg 768w, https:\/\/limitless-experiences.com\/News\/wp-content\/uploads\/2017\/06\/DSC07641-Copier-700x469.jpg 700w, https:\/\/limitless-experiences.com\/News\/wp-content\/uploads\/2017\/06\/DSC07641-Copier.jpg 800w\" sizes=\"auto, (max-width: 368px) 100vw, 368px\" \/><\/a><figcaption id=\"caption-attachment-492\" class=\"wp-caption-text\">Anniversaire VIP \u00e0 Marrakech<\/figcaption><\/figure>\n<figure id=\"attachment_546\" aria-describedby=\"caption-attachment-546\" style=\"width: 368px\" class=\"wp-caption alignleft\"><a href=\"https:\/\/limitless-experiences.com\/News\/nos-excursions-en-voiture-de-collection-a-marrakech\/\"><img loading=\"lazy\" decoding=\"async\" class=\"wp-image-546\" src=\"https:\/\/limitless-experiences.com\/News\/wp-content\/uploads\/2017\/06\/LIMITLESS-EXPERIENCE-MERCK-148-300x200.jpg\" alt=\"\" width=\"368\" height=\"245\" \/><\/a><figcaption id=\"caption-attachment-546\" class=\"wp-caption-text\">Nos excursions en voiture de collection \u00e0 Marrakech<\/figcaption><\/figure>\n<p>&nbsp;<\/p>\n<p>&nbsp;<\/p>\n<p>&nbsp;<\/p>\n<p>&nbsp;<\/p>\n<p>&nbsp;<\/p>\n<p>&nbsp;<\/p>\n<p>&nbsp;<\/p>\n<p>&nbsp;<\/p>\n<figure id=\"attachment_558\" aria-describedby=\"caption-attachment-558\" style=\"width: 368px\" class=\"wp-caption alignleft\"><a href=\"https:\/\/limitless-experiences.com\/News\/location-de-villas-dexception-a-marrakech\/\"><img loading=\"lazy\" decoding=\"async\" class=\"wp-image-558\" src=\"https:\/\/limitless-experiences.com\/News\/wp-content\/uploads\/2017\/06\/Luxury-villa-Marrakech_123395-700x417.jpg\" alt=\"\" width=\"368\" height=\"219\" \/><\/a><figcaption id=\"caption-attachment-558\" class=\"wp-caption-text\">Location de villas \u00e0 Marrakech<\/figcaption><\/figure>\n<p>&nbsp;<\/p>\n<p>&nbsp;<\/p>\n<p>&nbsp;<\/p>\n<p>&nbsp;<\/p>\n<p>&nbsp;<\/p>\n<p>&nbsp;<\/p>\n<p>&nbsp;<\/p>\n<p>&nbsp;<\/p>\n","protected":false},"excerpt":{"rendered":"<p>Vous avez envie de c\u00e9l\u00e9brer votre mariage, anniversaire ou voyage de noce \u00e0 Marrakech dans un cadre magique et romantique ? Vous voulez organiser une lune de miel dans un h\u00f4tel de luxe au Maroc ? Vous souhaitez avoir des id\u00e9es originales pour faire votre demande en mariage \u00e0 Marrakech? &hellip;<\/p>\n","protected":false},"author":1,"featured_media":473,"parent":427,"menu_order":0,"comment_status":"closed","ping_status":"closed","template":"","meta":{"footnotes":""},"class_list":["post-462","page","type-page","status-publish","has-post-thumbnail","hentry"],"_links":{"self":[{"href":"https:\/\/limitless-experiences.com\/News\/wp-json\/wp\/v2\/pages\/462","targetHints":{"allow":["GET"]}}],"collection":[{"href":"https:\/\/limitless-experiences.com\/News\/wp-json\/wp\/v2\/pages"}],"about":[{"href":"https:\/\/limitless-experiences.com\/News\/wp-json\/wp\/v2\/types\/page"}],"author":[{"embeddable":true,"href":"https:\/\/limitless-experiences.com\/News\/wp-json\/wp\/v2\/users\/1"}],"replies":[{"embeddable":true,"href":"https:\/\/limitless-experiences.com\/News\/wp-json\/wp\/v2\/comments?post=462"}],"version-history":[{"count":33,"href":"https:\/\/limitless-experiences.com\/News\/wp-json\/wp\/v2\/pages\/462\/revisions"}],"predecessor-version":[{"id":1133,"href":"https:\/\/limitless-experiences.com\/News\/wp-json\/wp\/v2\/pages\/462\/revisions\/1133"}],"up":[{"embeddable":true,"href":"https:\/\/limitless-experiences.com\/News\/wp-json\/wp\/v2\/pages\/427"}],"wp:featuredmedia":[{"embeddable":true,"href":"https:\/\/limitless-experiences.com\/News\/wp-json\/wp\/v2\/media\/473"}],"wp:attachment":[{"href":"https:\/\/limitless-experiences.com\/News\/wp-json\/wp\/v2\/media?parent=462"}],"curies":[{"name":"wp","href":"https:\/\/api.w.org\/{rel}","templated":true}]}}